1940753
List the prime factors of 13917294.
2, 3, 43, 17981
List the prime factors of 244115.
5, 48823
List the prime factors of 188139.
3, 7, 17, 31
What are the prime factors of 1505118?
2, 3, 250853
List the prime factors of 3768484.
2, 31, 30391
List the prime factors of 530063.
530063
What are the prime factors of 4941092?
2, 13, 95021
What are the prime factors of 199829?
7, 28547
List the prime factors of 771828.
2, 3, 64319
What are the prime factors of 2313527?
271, 8537
What are the prime factors of 6822465?
3, 5, 13, 59, 593
What are the prime factors of 26196148?
2, 11, 37, 16091
What are the prime factors of 51715?
5, 10343
What are the prime factors of 1665110?
2, 5, 269, 619
List the prime factors of 129764.
2, 32441
List the prime factors of 195709.
195709
List the prime factors of 3967528.
2, 17, 29173
List the prime factors of 591108.
2, 3, 7, 31, 227
List the prime factors of 1079053.
1079053
What are the prime factors of 407570?
2, 5, 53, 769
List the prime factors of 623319.
3, 173, 1201
List the prime factors of 5044338.
2, 3, 13, 21557
List the prime factors of 948556.
2, 7, 19, 1783
List the prime factors of 219261.
3, 7, 53, 197
What are the prime factors of 618591?
3, 206197
What are the prime factors of 8347562?
2, 457, 9133
What are the prime factors of 7310943?
3, 347, 2341
List the prime factors of 177925.
5, 11, 647
List the prime factors of 433202.
2, 7, 11, 29, 97
List the prime factors of 82702.
2, 41351
List the prime factors of 28730430.
2, 3, 5, 97, 1097
What are the prime factors of 8903989?
19, 211, 2221
List the prime factors of 136730.
2, 5, 11, 113
What are the prime factors of 15059?
11, 37
What are the prime factors of 7886334?
2, 3, 17, 77317
List the prime factors of 98929.
98929
List the prime factors of 1797224.
2, 11, 13, 1571
What are the prime factors of 195210?
2, 3, 5, 241
List the prime factors of 204775.
5, 8191
List the prime factors of 3711492.
2, 3, 131, 787
What are the prime factors of 4056289?
1609, 2521
List the prime factors of 1188070.
2, 5, 13, 19, 37
What are the prime factors of 13241732?
2, 7, 53, 8923
What are the prime factors of 615112?
2, 23, 3343
List the prime factors of 210361.
210361
List the prime factors of 44911.
97, 463
List the prime factors of 396003.
3, 132001
List the prime factors of 316625.
5, 17, 149
What are the prime factors of 19035426?
2, 3, 29, 31, 3529
What are the prime factors of 292729?
199, 1471
List the prime factors of 5109720.
2, 3, 5, 7, 11, 79
List the prime factors of 14346542.
2, 7, 691, 1483
What are the prime factors of 346768?
2, 21673
List the prime factors of 36466971.
3, 47, 258631
What are the prime factors of 515363?
151, 3413
What are the prime factors of 2314980?
2, 3, 5, 1429
What are the prime factors of 8139095?
5, 1627819
What are the prime factors of 14218223?
103, 138041
List the prime factors of 112903.
7, 127
List the prime factors of 1490350.
2, 5, 41, 727
What are the prime factors of 288300?
2, 3, 5, 31
What are the prime factors of 2160722?
2, 937, 1153
What are the prime factors of 75570?
2, 3, 5, 11, 229
What are the prime factors of 27068692?
2, 7, 17, 19, 41, 73
List the prime factors of 298745.
5, 149, 401
What are the prime factors of 118965?
3, 5, 7, 11, 103
What are the prime factors of 1350473?
1350473
List the prime factors of 332421.
3, 110807
List the prime factors of 44757.
3, 4973
What are the prime factors of 230222?
2, 43, 2677
What are the prime factors of 32999270?
2, 5, 3299927
What are the prime factors of 50919?
3, 11, 1543
List the prime factors of 642115.
5, 167, 769
What are the prime factors of 21632211?
3, 17, 47129
What are the prime factors of 11084935?
5, 17, 130411
What are the prime factors of 12973156?
2, 7, 59, 7853
What are the prime factors of 870504?
2, 3, 19, 23, 83
List the prime factors of 12007755.
3, 5, 266839
List the prime factors of 904263.
3, 383, 787
List the prime factors of 213562.
2, 106781
What are the prime factors of 5634795?
3, 5, 59, 6367
What are the prime factors of 135919?
7, 19417
List the prime factors of 13509652.
2, 13, 259801
What are the prime factors of 305848?
2, 38231
List the prime factors of 135519.
3, 199, 227
List the prime factors of 3712227.
3, 389, 3181
What are the prime factors of 182226?
2, 3, 11, 251
What are the prime factors of 10961549?
17, 644797
What are the prime factors of 323847?
3, 35983
List the prime factors of 2922662.
2, 173, 8447
What are the prime factors of 11455635?
3, 5, 89, 8581
List the prime factors of 2415535.
5, 419, 1153
List the prime factors of 860249.
13, 66173
What are the prime factors of 295933?
11, 26903
What are the prime factors of 346315?
5, 69263
What are the prime factors of 29205425?
5, 653, 1789
What are the prime factors of 2134728?
2, 3, 9883
List the prime factors of 154525.
5, 7, 883
What are the prime factors of 1831397?
199, 9203
What are the prime factors of 231252?
2, 3, 7, 2753
List the prime factors of 2940887.
2940887
List the prime factors of 506946.
2, 3, 11, 7681
List the prime factors of 2331768.
2, 3, 97157
What are the prime factors of 103103?
7, 11, 13, 103
What are the prime factors of 246817?
246817
List the prime factors of 281626.
2, 140813
What are the prime factors of 281644?
2, 11, 37, 173
List the prime factors of 4434411.
3, 659, 2243
What are the prime factors of 433605?
3, 5, 137, 211
List the prime factors of 2927503.
79, 37057
List the prime factors of 926972.
2, 19, 12197
List the prime factors of 282381.
3, 11, 43, 199
List the prime factors of 312334.
2, 11, 14197
List the prime factors of 7368243.
3, 173, 14197
List the prime factors of 7750.
2, 5, 31
List the prime factors of 3947670.
2, 3, 5, 14621
What are the prime factors of 25058?
2, 11, 17, 67
List the prime factors of 97124.
2, 24281
What are the prime factors of 2548983?
3, 19, 197, 227
What are the prime factors of 87860?
2, 5, 23, 191
What are the prime factors of 1548678?
2, 3, 258113
What are the prime factors of 1023571?
1023571
What are the prime factors of 4630465?
5, 7, 132299
List the prime factors of 125380.
2, 5, 6269
What are the prime factors of 206657?
11, 18787
List the prime factors of 6166053.
3, 17, 191, 211
List the prime factors of 3987053.
7, 569579
List the prime factors of 11426604.
2, 3, 7, 19433
List the prime factors of 597822.
2, 3, 17, 5861
List the prime factors of 6058065.
3, 5, 13, 47, 661
What are the prime factors of 871113?
3, 139, 2089
What are the prime factors of 325684?
2, 81421
What are the prime factors of 248663?
167, 1489
List the prime factors of 31415.
5, 61, 103
What are the prime factors of 135901?
37, 3673
List the prime factors of 334654.
2, 149, 1123
List the prime factors of 3489629.
11, 13, 23, 1061
List the prime factors of 84360.
2, 3, 5, 19, 37
What are the prime factors of 111901?
317, 353
List the prime factors of 498358.
2, 7, 35597
What are the prime factors of 4438543?
61, 72763
What are the prime factors of 835711?
157, 5323
What are the prime factors of 1752109?
239, 7331
What are the prime factors of 881924?
2, 97, 2273
What are the prime factors of 1138610?
2, 5, 11, 941
List the prime factors of 10463924.
2, 2615981
What are the prime factors of 831501?
3, 11, 37, 227
List the prime factors of 513357.
3, 13, 13163
List the prime factors of 961264.
2, 73, 823
What are the prime factors of 1416990?
2, 3, 5, 149, 317
What are the prime factors of 7974978?
2, 3, 11, 120833
What are the prime factors of 10113077?
13, 23, 149, 227
List the prime factors of 267229.
267229
List the prime factors of 3256578.
2, 3, 13, 4639
What are the prime factors of 24204522?
2, 3, 163, 24749
List the prime factors of 5167516.
2, 727, 1777
What are the prime factors of 3244600?
2, 5, 16223
What are the prime factors of 1427451?
3, 19, 79, 317
What are the prime factors of 224505?
3, 5, 1663
List the prime factors of 2792777.
13, 17, 12637
List the prime factors of 180245.
5, 13, 47, 59
List the prime factors of 226537.
19, 11923
What are the prime factors of 21106798?
2, 37, 285227
What are the prime factors of 1415663?
499, 2837
List the prime factors of 1900249.
13, 146173
List the prime factors of 160624.
2, 10039
List the prime factors of 228319.
7, 13, 193
List th